at is the remainder when l is divided by 2 + (-24)/(-2) + -1?
12
Let s be 2/12 + 92/24. Let x be 3 + ((-12)/s - -3). Suppose -x*h + 5*m + 1 + 31 = 0, 0 = 2*h + 3*m + 4. Calculate the remainder when 14 is divided by h.
2
Suppose -41*u + 600 = -17*u. Calculate the remainder when u is divided by (-10 - -1)/(-1 + 0).
7
Let r(q) = q**3 + 4*q**2 - 23*q + 2. Calculate the remainder when r(-4) is divided by 34.
26
Let c = -1 + 5. Suppose c = -2*w + 22. What is the remainder when 34 is divided by w?
7
Let s be 6/4 + 3 + 15/(-6). Suppose s*a = 247 - 97. What is the remainder when a is divided by 20?
15
Let i(x) = -x**3 - 3*x**2 + 18*x - 12. Calculate the remainder when i(-8) is divided by 82.
0
Suppose -5*s + 16*t - 13*t = -1703, 0 = -2*s - 5*t + 706. What is the remainder when s is divided by 15?
13
Let o = 696 - 600. What is the remainder when o is divided by 51?
45
Let y(g) = -124*g - 69. What is the remainder when y(-9) is divided by 70?
67
Let l(c) be the first derivative of -c**4/4 + 10*c**3/3 - 4*c**2 - 2*c + 14. Let b(y) = -28*y**3 + y. Calculate the remainder when b(-1) is divided by l(9).
6
Suppose 0 = 17*g - 23*g + 2814. What is the remainder when g is divided by 79?
74
Suppose -114*w = -111*w - 471. Calculate the remainder when w is divided by 32.
29
Let i be 1/(2/496*2). Let v = i - 81. Let f = -5 + v. What is the remainder when f is divided by 10?
8
Suppose 0 = 7*h - 13*h + 120. Let y(t) = t - 5 + 7*t - t. What is the remainder when y(6) is divided by h?
17
Suppose -9*t + 1 = -71. Calculate the remainder when t is divided by (-4)/14 - 90/(-21).
0
Let f = -85 - -143. Calculate the remainder when f is divided by 1*-5 + 19 + -2.
10
Let s = 95 + -93. Suppose 3*n = 3*t + 42, 0 = 5*n - 10*n - 5*t + 60. Calculate the remainder when (4 + -2 - -1) + 20 + s is divided by n.
12
Calculate the remainder when (168/126)/((-3)/(-585)) is divided by 44.
40
Suppose 20*n + 49*n - 3174 = 0. What is the remainder when 106 is divided by n?
14
Let v = 455 + -450. Let n(d) = -d + 9. Let k be n(5). Suppose j = -k + 21. What is the remainder when j is divided by v?
2
Suppose 4*h = b - 692, -28*b = -25*b - 2*h - 2126. What is the remainder when b is divided by 16?
8
Let a be (-4 + -2)/1 - -3. Let l(m) = m**2 - 3*m - 1. Suppose -3*s = 5*h - 168, 17*h - 12*h - 160 = 5*s. What is the remainder when h is divided by l(a)?
16
Let g(b) = -b**3 - 5*b**2 - 6*b + 3. Let h be g(-3). Suppose f = -4*z - 9 + 36, -2*z = -h*f - 3. What is the remainder when 23 is divided by z?
5
Let q = 226 + -122. Let x = -2253 - -2280. Calculate the remainder when q is divided by x.
23
Suppose -12 - 24 = 2*x. Let z = x - -92. Calculate the remainder when z is divided by 15.
14
Let s = 124 - 79. Let l = 48 - 40. Calculate the remainder when s is divided by l.
5
Suppose 0 = 211*n - 203*n - 3376. What is the remainder when n is divided by 25?
22
Suppose -p - 3*p + 388 = 0. What is the remainder when p is divided by 25?
22
Let f(t) = -t**3 - 12*t**2 - 10*t + 15. Let v be f(-11). Suppose -v*r = -r - 12. Let h = r - -10. What is the remainder when 40 is divided by h?
12
Let u(l) = -7*l**3 + l**2 - 2*l. What is the remainder when u(-2) is divided by 58?
6
Suppose -94 = -5*x + 2*t, -6*x + 44 = -3*x + 5*t. Calculate the remainder when x is divided by 7.
4
Let j be (8/(-10))/(3/(-15)). Let r be j/(-18) + (-12)/(-54). Suppose -2*p + r*p = -28. Calculate the remainder when p is divided by 8.
6
Suppose u = -3*u + 8. Suppose u*r - 52 = 50. Suppose -4*b + 82 = 5*m, -19*m - 53 = -5*b - 17*m. What is the remainder when r is divided by b?
12
Suppose 5*c = -9*l + 4*l + 35, -c = -l + 13. What is the remainder when 35 is divided by l?
5
Calculate the remainder when (5*-1)/((-5)/35) is divided by (-76)/(-8)*((-12)/(-4) + -1).
16
Let d be (1/1)/((-4 + -2)/(-18)). Calculate the remainder when 101 is divided by (-252)/(-8) + d - 3/(-6).
31
Let y = -1224 - -1319. Calculate the remainder when y is divided by 52.
43
Let n(t) be the third derivative of -19*t**6/120 + t**5/30 - t**3/6 - 3*t**2. Let x be n(1). What is the remainder when 28/6 - 6/x is divided by 3?
2
Let d = 26 + 37. Calculate the remainder when d is divided by 11.
8
Let c(j) = 5*j**2 + 21*j + 136. Calculate the remainder when c(-6) is divided by 56.
22
Let v(k) = -k**3 + 10*k**2 - 3*k + 30. Let w be v(10). Suppose w = x - 5*r + 8, 0*x - r + 24 = 3*x. What is the remainder when 45 is divided by x?
3
Let u = -476 + 623. What is the remainder when u is divided by 47?
6
Let p be (9 + -7)*78/(-4). Let x = 18 - p. What is the remainder when x is divided by 20?
17
Let l(o) = 5*o + 253. What is the remainder when 49 is divided by l(-46)?
3
Calculate the remainder when -1 + (1*-2 - -54) is divided by (-1)/(8/(-16))*13.
25
Suppose l + 2*j = 7*j - 8, 4*l - 4*j = 0. Suppose 2*i = -l*i + 28. What is the remainder when 40 is divided by i?
5
Suppose v + a = -0*a, -28 = -5*v + 2*a. Suppose 0 = -v*z + p + 314, 0 = -0*z + 5*z + 5*p - 380. Calculate the remainder when z is divided by 482/18 - 2/(-9).
24
Let i(v) = v**3 - v**2 - 3*v - 5. Suppose 5*l + r = -0*r + 24, -2*r - 12 = -5*l. Calculate the remainder when i(l) is divided by 7.
3
Suppose 4*r - 173 = -k, -5*r = -2*k + 68 - 268. Calculate the remainder when r is divided by 23.
19
Suppose 20*a + 1049 - 2549 = 0. Calculate the remainder when a is divided by -4*(-2 + -4) + -2.
9
Let j = -32 - -35. Suppose -83 = -j*l + 5*a, -2*l - 2*a + 13 = -l. What is the remainder when 82 is divided by l?
19
Let z(n) = -35*n - 672. Let g(t) = 27*t + 3. What is the remainder when g(4) is divided by z(-20)?
27
Let o(h) = -h**3 + 12*h**2 + 24*h - 105. What is the remainder when 94 is divided by o(13)?
18
Suppose 2*z = 6*z - 2*i - 92, i = -2*z + 42. Let y be (-4)/(-6)*-114 + -4. Let f = -17 - y. Calculate the remainder when f is divided by z.
19
Suppose -2*n + 5*d = -n + 7, 4*d - 14 = -2*n. Let h = 24 - 22. Suppose -n*m = -h*m - 12. Calculate the remainder when 34 is divided by m.
10
Let d = 858 - 661. Let x(y) = 2*y**2 + 3*y - 2. Calculate the remainder when d is divided by x(-5).
32
Suppose -4*g - 37 - 147 = -2*n, 2*n - g - 181 = 0. Suppose n = f + 3*f + l, 5*f = 5*l + 100. What is the remainder when f is divided by 12?
10
Suppose y = -4*h + 7, 2*y + 5*h = 16 + 10. What is the remainder when 66 is divided by y?
20
Let m(z) = -z**2 + 35*z + 953. Calculate the remainder when 271 is divided by m(52).
64
Let u = 801 - 707. Calculate the remainder when u is divided by 36.
22
Suppose 0 = -7*z + 2*z + 15. Let t be z + 2/4*-2. Suppose t*q - 4*q = -44. Calculate the remainder when q is divided by 12.
10
Let a = -73 - -102. Suppose -2*h - 3*m = -14, 4*h - 4*m = a + 19. What is the remainder when (-1 - -3)/((-8)/(-68)) is divided by h?
7
What is the remainder when 259 is divided by 13 + 8 + -5 + 4?
19
Let c(d) = -d - 2. Let z be c(-2). Let g be 2 - z - (-8 + 12). Calculate the remainder when 12 is divided by g/(((-48)/(-20))/(-6)).
2
Suppose -n - 2*o + 3 = 0, -4*n - 4*o + 3 = -1. Let c(z) = -19*z - 1. Suppose -7*k + 5*k + 142 = 0. Calculate the remainder when k is divided by c(n).
17
Suppose 35 = -4*s + 175. Let k = s - 27. Calculate the remainder when (-2 + 20)/(2/3) is divided by k.
3
Suppose 0 = -2*j + 8 - 4. Suppose 2*h = -j*h + 232. What is the remainder when 1 + (h - 3) - 1 is divided by 19?
17
Let g = -471 + 484. Calculate the remainder when 660 is divided by g.
10
Let g = 459 + -422. Calculate the remainder when 70 is divided by g.
33
Let t(c) = -3*c. Suppose -4*b + 9 - 25 = 0. What is the remainder when (-9*(-4 - -1) + b)/1 is divided by t(-2)?
5
Suppose -2*y = 3*y + u - 23, -3*y + 9 = -u. Suppose y*o + 2*s - 7 = 7, 0 = -o + 4*s - 1. Calculate the remainder when o is divided by (-1)/1 + 2*2.
0
Let v be -4 - (-9 + 4) - -29. Suppose v*l - 29*l - 90 = 0. Let q(k) = 2*k + 9. What is the remainder when l is divided by q(7)?
21
Suppose -5*b + 38 + 27 = 0. What is the remainder when 40 - (-1 - (-14)/(-2)) is divided by b?
9
Let m = -107 - -222. Suppose -7*n = -2*n - m. What is the remainder when n is divided by 15?
8
Let k = 246 - 364. Let w be 160/24 - 6 - (-1749)/9. Let t = k + w. Calculate the remainder when t is divided by 26.
25
Suppose -19*q - 198 = -h - 20*q, 4*h - 804 = 2*q. Calculate the remainder when h is divided by 102.
98
Let p(f) be th